13793 a composite number?
False
Is 1240159 composite?
False
Is 97136471 a prime number?
True
Is 45185119 a composite number?
True
Is 1493227 prime?
False
Is 5181377 a prime number?
False
Is 7293035 composite?
True
Is 9843671 a composite number?
True
Is 1549543 a prime number?
False
Is 43585681 composite?
False
Is 462818 composite?
True
Is 33397277 a composite number?
False
Is 17104507 composite?
True
Is 31293401 prime?
False
Is 37591969 prime?
False
Is 190610869 a composite number?
True
Is 153668569 composite?
False
Is 116953517 prime?
False
Is 116498351 composite?
False
Is 228647 composite?
False
Is 1464123785 a prime number?
False
Is 545599 a composite number?
False
Is 190129427 a prime number?
True
Is 62366597 composite?
False
Is 7884698 a prime number?
False
Is 32302423 composite?
False
Is 14110351 prime?
True
Is 47101771 a composite number?
True
Is 2293331 composite?
True
Is 5620123 a prime number?
False
Is 87338341 a composite number?
False
Is 11134501 prime?
False
Is 1468729 a composite number?
False
Is 538429 composite?
True
Is 32889631 prime?
False
Is 28875599 prime?
True
Is 27422123 a composite number?
True
Is 3545567 composite?
False
Is 87877841 a composite number?
True
Is 16796161 a prime number?
True
Is 367901 prime?
False
Is 20069971 a composite number?
True
Is 719443 a prime number?
False
Is 33080027 prime?
True
Is 59458969 composite?
True
Is 397260839 a composite number?
False
Is 265318899 a composite number?
True
Is 607909 a prime number?
True
Is 425342783 composite?
False
Is 1914289 a prime number?
False
Is 3105289 prime?
False
Is 33856561 a prime number?
True
Is 26426411 a prime number?
False
Is 34655059 composite?
False
Is 158259571 composite?
False
Is 10302179 composite?
False
Is 457870859 a prime number?
True
Is 17583466 a prime number?
False
Is 1556747 a composite number?
False
Is 47042647 a prime number?
False
Is 1142389 a prime number?
True
Is 272461169 a prime number?
False
Is 2781797 a prime number?
True
Is 252667 a composite number?
False
Is 889715 a composite number?
True
Is 64411817 a prime number?
True
Is 44145554 composite?
True
Is 5596343 a prime number?
True
Is 4359821 a prime number?
False
Is 6033749 prime?
False
Is 185884099 prime?
True
Is 52519417 a composite number?
False
Is 7607627 composite?
False
Is 4943473 a prime number?
True
Is 853291463 a composite number?
True
Is 1751623 prime?
True
Is 43437689 a prime number?
True
Is 8045173 a composite number?
False
Is 27712687 a prime number?
True
Is 39469919 a prime number?
False
Is 34251731 a composite number?
False
Is 15636497 prime?
False
Is 395013 a prime number?
False
Is 1876143527 composite?
False
Is 100104161 composite?
False
Is 1215769 prime?
True
Is 2377091 composite?
True
Is 20569 a prime number?
False
Is 8849054 composite?
True
Is 73508029 prime?
False
Is 5625523 a composite number?
True
Is 1859567 a composite number?
True
Is 292707379 a composite number?
False
Is 10443351 prime?
False
Is 626561387 a prime number?
True
Is 75109241 a composite number?
False
Is 23315231 a prime number?
True
Is 8059367 composite?
False
Is 111997027 prime?
False
Is 5560759 a composite number?
False
Is 3485045 composite?
True
Is 951407 a prime number?
True
Is 11361739 a prime number?
True
Is 15398501 a composite number?
True
Is 6780913 composite?
False
Is 113915129 composite?
False
Is 1296526379 composite?
False
Is 198265559 a prime number?
False
Is 1736983 prime?
False
Is 17877047 composite?
True
Is 6209111 composite?
False
Is 1796563 a composite number?
True
Is 2441359 prime?
False
Is 79133 prime?
True
Is 149993 composite?
False
Is 922353731 composite?
True
Is 1107919 composite?
True
Is 154855 prime?
False
Is 8732197 a prime number?
True
Is 23244869 prime?
True
Is 65087461 prime?
True
Is 8874911 prime?
True
Is 760309 a composite number?
True
Is 204014179 composite?
False
Is 19243199 a composite number?
False
Is 45646327 a prime number?
True
Is 1324907 a prime number?
True
Is 88909661 a prime number?
True
Is 14459191 prime?
True
Is 954067 a prime number?
True
Is 278404873 a prime number?
False
Is 220521151 prime?
False
Is 51551723 prime?
True
Is 312671 prime?
False
Is 16360229 prime?
True
Is 21937213 composite?
False
Is 521107339 prime?
True
Is 190656841 prime?
True
Is 10885919 prime?
False
Is 4180859 a composite number?
True
Is 676301 a prime number?
False
Is 33154447 prime?
True
Is 11532571 a prime number?
True
Is 1049709 prime?
False
Is 226114661 composite?
False
Is 433779491 prime?
True
Is 2689913 a prime number?
False
Is 332962027 a composite number?
False
Is 10118929 a composite number?
False
Is 4417373 prime?
False
Is 162337423 a prime number?
True
Is 8369509 a prime number?
True
Is 15372521 a composite number?
False
Is 55839389 prime?
False
Is 13774351 a prime number?
True
Is 6944689 prime?
False
Is 19446499 prime?
False
Is 188359 composite?
False
Is 68311 a composite number?
False
Is 75014249 a composite number?
False
Is 4179727 a composite number?
False
Is 2457943 prime?
True
Is 48934527 prime?
False
Is 18197393 a composite number?
True
Is 315463229 composite?
True
Is 1141199 a composite number?
True
Is 36046859 a composite number?
True
Is 7294039 composite?
True
Is 13871629 a composite number?
True
Is 23918183 prime?
False
Is 2113169 prime?
False
Is 13248959 a prime number?
True
Is 480707 a prime number?
True
Is 9005179 a composite number?
False
Is 11331781 a prime number?
True
Is 1895869 prime?
True
Is 42114817 prime?
False
Is 4614887 a prime number?
True
Is 2894259 composite?
True
Is 13102459 prime?
True
Is 23347583 prime?
False
Is 178353583 a prime number?
True
Is 27503771 a composite number?
True
Is 13456739 prime?
True
Is 172792393 prime?
True
Is 291694153 a prime number?
True
Is 2978471 prime?
False
Is 27181519 a composite number?
True
Is 2742683 composite?
True
Is 133873 a composite number?
False
Is 22303835 prime?
False
Is 56509813 a prime number?
False
Is 23321621 a composite number?
False
Is 14422669 a composite number?
False
Is 7065313 prime?
False
Is 350675335 a prime number?
False
Is 88185743 a composite number?
False
Is 16366166 a composite number?
True
Is 346520437 composite?
False
Is 49793343 composite?
True
Is 6219583 a composite number?
False
Is 25054327 composite?
False
Is 36620587 composite?
False
Is 4027577 prime?
False
Is 75895877 a prime number?
True
Is 17883367 a prime number?
True
Is 13056299 composite?
True
Is 3118129 composite?
True
Is 84207 a prime number?
False
Is 8702531 composite?
True
Is 15643613 a composite number?
False
Is 6135191 a composite number?
False
Is 12895193 a composite number?
False
Is 90163049 a composite number?
False
Is 13866053 a composite number?
True
Is 1676715891 a prime number?
False
Is 68915213 a composite number?
False
Is 26307339 a prime number?
False
Is 435373 composite?
True
Is 78754061 prime?
True
Is 412853531 a prime number?
False
Is 1819451 a prime number?
False
Is 85213957 a composite number?
True
Is 89224073 prime?
True
Is 4276361 a prime number?
False
Is 110213779 a prime number?
False
Is 6546209 a composite number?
True
Is 569573 prime?
True
Is 26664499 prime?
True
Is 3075151 composite?
False
Is 97847851 prime?
True
Is 172505761 composite?
True
Is 3170807 prime?
True
Is 193628729 composite?
True
Is 4129327 a prime number?
False
Is 3179437 prime?
True
Is 813327 prime?
False
Is 198782187 a prime number?
False
Is 5298647 a composite number?
False
Is 2675495 a composite number?
True
Is 1293583 composite?
False
Is 780371 a composite number?
False
Is 40279537 a composite number?
False
Is 7892674 prime?
False
Is 4093883 prime?
True
Is 10515319 composite?
False
Is 17853215 a prime number?
False
Is 2365571 a prime number?
False
Is 177223985 a prime number?
False
Is 10977815 a prime number?
False
Is 73186007 a prime number?
True
Is 5442117 composite?
True
Is 33298169 a prime number?
False
Is 4606301 a composite number?
True
Is 33515129 prime?
True
Is 16146131 a prime number?
False
Is 30274987 prime?
True
Is 136482089 a prime number?
True
Is 447970969 composite?
True
Is 2261407 a prime number?
True
Is 7064737 a composite number?
True
Is 12502811 prime?
True
Is 4647099 composite?
True
Is 45352595 a prime number?
False
Is 1376747 a prime number?
True
Is 200569 prime?
True
Is 1165547 prime?
False
Is 69683